
-21
What is -9 + (13 - (11 + 1) - 2)?
-10
Evaluate 14 + -7 + 2 + -2.
7
Calculate (2676 - 2669) + (0 - 0 - (1 + 7)).
-1
Evaluate 6 + -2 + (-17 - (-18 - -14)).
-9
Evaluate 3 + 5 + -1 + -15.
-8
2 - (-9 + 1 - -12)
-2
Evaluate 1 - -23 - (12 - -1).
11
Calculate -8 + (9 - 6) - (0 + -5 + -2).
2
What is -26 - (10 + (-27 - -9))?
-18
(-5 - 3) + 9 - (-15 + 3 + -1)
14
31 + 5 + -49 + (16 - 1)
2
Calculate 935 + -915 - (-1 + 26).
-5
-7 + (1 - (-7 + 5 - -9) - 2)
-15
Calculate (1 - (5 + -1 + -11)) + (61 - 62).
7
-23 + (-4 - -1) + 25
-1
Calculate (-1 - -8) + (1 - -3 - (33 + -31)).
9
8 + -31 - (-14 - 32)
23
Calculate 13 + ((-11 - 38) + 6 - -8).
-22
What is the value of 30 + (28 - 9) + -28?
21
What is the value of (-2 - -8) + 19 + (-51 - -23)?
-3
Evaluate (10 - 19) + 10 + -5 - -22.
18
-1 + -2 + (0 - 1 - 6)
-10
19 - 13 - (-6 - -4)
8
-18 + -1 + (13 - ((-1 - -14) + -3))
-16
What is -13 + (24 - 27 - (0 + -6))?
-10
What is the value of 37 - 47 - (-5 + 4 + 2 + -2)?
-9
(8 - 9 - -18) + -2 + -1 + 1
15
Evaluate 18 - (17 - -50) - -27.
-22
What is (2 - 2) + -14 - (-35 + 4 + 28)?
-11
What is the value of -7 + 0 + (59 - 30) + -9?
13
(3 - (8 - (0 + 3))) + (-62 - -73)
9
Evaluate -6 + (4 - 2) - (-38 + 45).
-11
What is the value of 12 - (-12 - 1 - -14)?
11
(6 - (-12 + -2)) + -14
6
7 + -13 + 8 + -8 + 0
-6
Evaluate 1 - (-5 + (-4 + -7 - -7)).
10
(3 - (1 + -1)) + -11 - -21
13
What is the value of -24 - (-4 + -33 - -15)?
-2
What is the value of (-7 - -11) + 27 - 41?
-10
Evaluate -9 - 0 - (7 + -13).
-3
Calculate -11 - (13 + -16 + 3).
-11
Calculate (-10 + 1 - -4) + 16.
11
What is the value of 2 - (-20 + 25) - (2 + 0)?
-5
What is the value of (1 - 8) + -14 + (14 - 3)?
-10
Evaluate 20 + -14 + 13 + 1.
20
Evaluate 2 - 1 - (27 - 25) - (11 - 1).
-11
What is the value of -12 - (0 - (4 + 0) - 28)?
20
What is the value of -10 - (-2 - 13 - (-10 - -3)) - -14?
12
What is 17 - (-8 + (6 - (2 + -3)) + 5)?
13
Evaluate 9 - (-12 - (-12 - 7)) - 0.
2
9 - (10 + 1 - 10)
8
Calculate -29 - -35 - 21 - -3.
-12
What is 23 - (2 + 15) - 15 - 8?
-17
Calculate (36 - 20) + -6 + 2.
12
What is the value of -32 + -28 + 95 + -39?
-4
Evaluate 11 - (-1 - (-27 - -4)).
-11
What is the value of (-21 - -35) + 9 + -13 + -43?
-33
What is -4 + 1 + 8 + 1 + -3?
3
What is the value of -2 - (-19 - (4 + 4 - 1))?
24
What is the value of 0 + 1 - (17 + (-47 - -24))?
7
What is the value of 10 - ((14 - 10) + 6)?
0
Evaluate (192 - 222) + (1 - -23).
-6
Calculate 9 + (-37 - -2) - (-2 - -13 - 0).
-37
Evaluate -26 + 13 - -13 - -11 - -7.
18
-6 - ((2 - 1 - 1) + -1 + 1)
-6
Evaluate 2 + -3 - -9 - (-290 + 276).
22
Evaluate -5 + (39 - (27 - -8)).
-1
Calculate (-12 - 0) + (463 - 466).
-15
What is -22 - -6 - (-11 + -1 - (-54 - -49))?
-9
Evaluate -26 + 3 + 18 + 23.
18
Calculate 9 - 3 - (12 - (-3 + 12)).
3
Evaluate 43 + 28 - 28 - 20.
23
-28 + 1 + -12 + (11 - 2) + 12
-18
Evaluate 2 + -2 + -2 - (12 - 4).
-10
Calculate -6 - (-5 + -6 + 8 + -3 + -2).
2
Calculate 15 + -14 - (-2 - 33 - -5).
31
Evaluate -2 + 24 + -37 + 10.
-5
Calculate 7 + 3 + -15 - (-2 + 5).
-8
What is the value of -7 - (-16 + 26 + -13)?
-4
Evaluate 13 + (-32 - -29) + (2 - (0 - -8)).
4
What is (-55 - -47) + (-2 - (-1 + 1 + -14))?
4
Evaluate -2 + 7 - (6 - (7 - (12 + -6))).
0
Calculate -18 - (-38 + 6 + 9).
5
16 + (-12 - (6 - -3))
-5
What is (0 - -2) + (-65 - -37) + -1 - -3?
-24
8 - (12 + (-14 - -9))
1
Evaluate -21 - (-72 + 62 + -1 + (7 - 1)).
-16
Calculate 15 + (5 - 5) - (17 - 16).
14
What is 17 + -2 + 13 + -7?
21
(-34 - -65) + (0 - 31)
0
What is the value of 0 + 10 + -26 + 23?
7
What is the value of -4 - (13 + -15) - (3 - (9 - 6))?
-2
7 - -24 - (-14 + 37)
8
Evaluate (30 - 49) + 1 + -6.
-24
6 - ((-12 - -10) + 6)
2
Calculate (3 - 1) + -14 + 1 + (0 - -3).
-8
Calculate -5 - (-6 - -13) - -6 - (-3 + 6).
-9
13 - (24 + -16 - -4)
1
Evaluate -1 + 11 + (-6 - 6).
-2
(-47 - -64) + (-8 - 4)
5
(-9 + 3 - 3 - (31 + -40)) + -10
-10
Evaluate (5 - 7 - (0 - -21)) + (-15 - -19).
-19
What is the value of -4 - (-1 - 31) - (0 - -1 - -8)?
19
-1 - -21 - (220 + -164)
-36
What is the value of 11 + -2 - (14 - (16 - 9)) - -1?
3
Evaluate (-2 + 9 - 6) + -20 + 18.
-1
What is the value of (8 - ((6 - -5) + -14)) + 8?
19
Evaluate 4 - (-12 - (-19 + -6) - -10).
-19
Calculate 2 + -23 + 11 + -11 + (2 - -2).
-17
What is 6 - (9 - 1 - (31 - 27))?
2
-8 + 0 - 2 - (0 - -1)
-11
Calculate 0 + -1 + 7 - (47 + (48 - 75)).
-14
What is the value of 6 + 1 + (-44 + 22 - -34)?
19
Evaluate 108 - 105 - (2 + 8 - 3) - 18.
-22
What is (4 - 1) + -790 + 799?
12
Evaluate 3 - (13 + 17) - -9.
-18
Evaluate -24 - (42 + -39 - -15).
-42
What is 7 + -27 + (-12 - -5) + 23 + -16?
-20
4 + (138 - 144) + (14 - -1)
13
-9 + (28 - 48) - -49
20
(-26 - 14) + (64 - -2)
26
Calculate 3 - 11 - (-2 - -4).
-10
12 + -8 - (-7 + (6 - 8))
13
Evaluate (-9 - (1 - 1)) + 20 + (-13 - 12).
-14
5 + (-3 - -1) + 2 + -21 + 23
7
6 + (-9 - (-25 + 13))
9
(-2 - 3 - 2) + -1
-8
Evaluate -14 - ((23 - -4 - 20) + (-7 - -1)).
-15
Calculate 13 - ((-22 - -18 - (4 + -17)) + -8).
12
-6 - (18 - (-8 + 26) - (-1 + 1))
-6
(-4 - (-16 - 14)) + 0
26
Evaluate (-6 - 2) + (-6 - -11) + 3 - -6.
6
What is -26 - (26 + -31 - 1)?
-20
Calculate (1 - 2 - (144 - 141)) + 28.
24
What is the value of 1 + 18 + -25 + 2 + 5?
1
What is 9 + (31 - 20) + 2?
22
Calculate 9 + (-24 + 4 - (4 - 9)).
-6
Evaluate -13 + 15 - -17 - (3 - (6 - 1)).
21
What is the value of 31 - (-19 - -1 - (-122 + 109))?
36
5 + 2 - 2 - 8 - (-10 + 17)
-10
What is -3 + (5 - -21) + 13 + -14?
22
Calculate (-6 - -1) + 2 + 23 + 9.
29
0 - 0 - (10 + -6 + -9)
5
What is the value of (39 - (12 - 3)) + -16?
14
What is the value of 12 - (-34 + 17 + 21)?
8
Evaluate (-12 - (-11 + -4 + 15)) + -14.
-26
What is 76 + -96 + -5 + 21?
-4
12 + -5 + 1 + 0 + -8
0
What is the value of (-10 - (7 - -6)) + 15?
-8
What is -1 - (20 - (7 + (2 - 6)) - 6)?
-12
Evaluate -1 + (2 - -2 - (1 - -11)) - 5.
-14
Evaluate (-4 - (-15 - 2)) + -14 + (7 - 0).
6
What is the value of 29 - ((-16 - -14) + -4 - -20)?
15
Evaluate -8 + 13 - (3 + 4).
-2
9 + (3 + -9 + -1 - 2) - 10
-10
What is -7 - ((12 - 24) + 16 + 4)?
-15
Calculate (21 - 9) + -7 + -27.
-22
What is (10 - 11) + (-2 + 0 - (-44 - -51))?
-10
-2 - (-4 + -10 + -3 + 7)
8
Calculate (-11 - 0) + (-1 - (6 - 5) - -6).
-7
Evaluate -26 + 22 - (-8 + 1).
3
What is the value of -8 + (16 - 11) + -16 + -2?
-21
Evaluate -57 - -51 - (-1 + -8).
3
Evaluate (-5 - (-12 + 16)) + 6.
-3
Calculate 1 - 4 - (51 + (18 - 64)).
-8
What is the value of -1 - -28 - (-520 + 537)?
10
What is the value of (-16 - (-36 + 7)) + -29 + -8?
-24
(-23 + 7 - -61) + -23
22
What is 3 + 11 + (-60 - -34)?
-12
What is the value of 1 + 18 + (5 + 13 - -1) + -14?
24
Evaluate -5 - ((2 - 5) + -10 + 4).
4
Evaluate (2 - 22 - -9) + 1.
-10
Evaluate -10 - (19 - 22 - (1 - 5)).
-11
Calculate 9 + (-9 - -5) + -1 + -3.
1
Calculate -6 + -16 + (56 - 21).
13
Calculate -8 + (-11 - -7) + (-1 - -20).
7
What is the value of 19 + -6 + (1 - -9) + 11?
34
Calculate (-33 - (-6 - (9 + -3))) + (-6 - -13).
-14
3 + (-61 - (8 + -38))
-28
What is the value of 11 - (-6 - -18) - (2 - 0) - 4?
-7
Calculate (-11 - -7) + 1 + -1 - (-28 + 4).
20
Evaluate -8 + 1 - (-1 + (2 - 2) + -9).
3
Evaluate -4 + (14 - (5 - 1)) + -8.
-2
What is (9 - 5) + (2 - 13) - (8 - 13)?
-2
Evaluate 1 - -4 - (0 + 27 + -26).
4
What is the value of (-2 - -7) + 4 + -5 + -12 - 6?
-14
Evaluate (16 - 6) + -11 + -4.
-5
What is the value of (36 + 12 - 13) + -19?
16
What is the value of (-573 - -555) + 8 + -1?
-11
Calculate -18 - (0 + -1 - (46 + -39)).
-10
What is -18 + -12 + 41 + -20?
-9
Calculate (-14 - -4 - (4 + -16 + 6)) + 13.
9
What is the value of 12 + 10 + (-18 - 4)?
0
What is 7 - (-5 + 3 - (2 - 16))?
-5
What is the value of -91 + 84 - ((-2 - -5) + 0 + 2)?
-12
What is 23 - (12 + -4 - (7 + -4))?
18
Evaluate (-31 - -24) + 22 - -11.
26
What is the value of -11 + 10 + 4 - 24 - -11?
-10
What is 4 + (4 - (22 - 4) - -5)?
-5
Calculate -1 + 0 + 0 - (-6 - (-34 - -23)).
-6
What is the value of -12 - (-8 - 10) - (0 + 2 + 1)?
3
Evaluate 18 - 24 - -14 - 14.
-6
What is 7 + (-9 - (-15 - (5 + -8 - 5)))?
5
What is -5 + 1 - (-16 + 25 + -20 + 17)?
-10
Evaluate 1 - -5 - (1 + -18 - -27).
-4
-165 + 174 - (11 - 1)
-1
(28 - 0) + (-7 + (-8 - -6) - 2)
17
Evaluate -6 + (21 - 3 - -12) + 1.
25
Calculate 6 - (11 + -4 + 1 - (47 + -45)).
0
What is 1 - 1 - (15 - 4) - 4 - 11?
-26
Evaluate (-7 - -12) + -3 + (